-d191 (base 15) in base 4?
-22303030
5449a (base 11) to base 14
20b98
-101200121022 (base 4) to base 5
-2133323010
Convert 362946 (base 10) to base 4.
1120213002
What is a3503 (base 11) in base 3?
21200011000
What is 2377128 (base 9) in base 10?
1291166
Convert 446360 (base 7) to base 6.
1410035
Convert -772488 (base 13) to base 6.
-140034120
58bb9e (base 16) to base 11
3312054
What is c6d70 (base 16) in base 2?
11000110110101110000
-1101221203 (base 4) to base 12
-141657
What is 11101011110000110 (base 2) in base 4?
131132012
What is 30101010 (base 4) in base 10?
50244
-598877 (base 10) to base 11
-379a44
-7515487 (base 11) to base 14
-1a84a13
12441300040 (base 5) to base 9
32263555
What is -52054413 (base 6) in base 14?
-2b0b7b
-1221101100 (base 3) to base 16
-952b
-2ae66a (base 16) to base 7
-32616534
What is -10001011100000101001 (base 2) in base 7?
-4566662
Convert 1100011002121 (base 3) to base 13.
1bbb66
What is -11555142 (base 6) in base 8?
-1330546
What is -35042721 (base 8) in base 5?
-3422320144
What is -2215461 (base 7) in base 3?
-111212212000
What is -1322246 (base 8) in base 10?
-369830
Convert 20400413 (base 5) to base 14.
45774
-291134 (base 10) to base 7
-2321534
Convert 396671 (base 11) to base 16.
98460
What is -100101110110100110 (base 2) in base 12?
-75886
-27dc1 (base 14) to base 9
-160420
3c645 (base 13) to base 12
55566
Convert 1022012110201000 (base 3) to base 6.
1504551343
Convert 178383 (base 14) to base 10.
829391
2b5bdc (base 14) to base 6
52242342
101012235 (base 6) to base 5
420244340
Convert 32535 (base 7) to base 10.
8160
-1110110101001010110 (base 2) to base 11
-302135
-1607044 (base 8) to base 5
-104243442
1645258 (base 10) to base 13
457b34
5572315 (base 8) to base 16
16f4cd
What is 2890486 (base 10) in base 2?
1011000001101011110110
What is -101a37 (base 12) in base 11?
-162400
5c054 (base 16) to base 12
162158
Convert -60032601 (base 7) to base 16.
-4b85c2
Convert 170314 (base 8) to base 14.
18672
What is -679699 (base 11) in base 5?
-234102411
Convert -143132351 (base 6) to base 10.
-2951563
211002112202020 (base 3) to base 7
201542466
What is 27505754 (base 8) in base 11?
3552333
What is -2333003110 (base 4) in base 3?
-1110202110021
687635 (base 11) to base 16
10af8b
What is 754b4 (base 14) in base 8?
1051666
Convert 905538 (base 10) to base 13.
25922a
Convert -210132032 (base 4) to base 10.
-149390
What is -25702 (base 9) in base 6?
-212132
What is 670277 (base 11) in base 8?
4050077
What is 738814 (base 9) in base 16?
6b4df
What is -2158048 (base 11) in base 13?
-a28288
1343431212 (base 5) to base 15
491ac2
-2260238 (base 9) to base 10
-1220543
1216000 (base 14) to base 15
b60e29
What is 104775 (base 10) in base 16?
19947
Convert -1379896 (base 10) to base 15.
-1c3cd1
What is 105b85 (base 13) in base 5?
44243441
What is 142564500 (base 7) in base 14?
1367837
Convert 22010002211221 (base 3) to base 14.
80394a
182108 (base 11) to base 3
112021102022
-11010100001100111 (base 2) to base 12
-52a5b
What is 7767b5 (base 12) in base 13?
516188
Convert 112a0 (base 12) to base 2.
101100101011000
What is -3347651 (base 8) in base 9?
-1628538
What is -1160314 (base 7) in base 2?
-100100011000011100
What is -170dc4 (base 14) in base 8?
-3054760
-57626 (base 8) to base 10
-24470
Convert -26213 (base 9) to base 3.
-220020110
-210220404 (base 5) to base 8
-3235243
What is -24004231 (base 5) in base 10?
-219316
a088 (base 13) to base 3
1010021212
daa8 (base 14) to base 3
1220211021
What is 544c (base 14) in base 5?
431242
What is -1133325 (base 7) in base 15?
-2c4d9
-19217a4 (base 12) to base 10
-5269804
Convert 225531111 (base 6) to base 3.
21220011000121
Convert -522314110 (base 6) to base 11.
-513a591
-22030050 (base 6) to base 16
-a06ce
Convert -12212202010 (base 3) to base 16.
-1c40d
Convert -26872 (base 14) to base 13.
-342bc
What is -413122 (base 9) in base 16?
-3bd35
What is -100010000000111011000 (base 2) in base 3?
-2002121220220
Convert 13411120 (base 5) to base 15.
2ae90
What is -101011001002011 (base 3) in base 2?
-10100100100111000001001
What is -2720683 (base 9) in base 8?
-5535764
22c57c5 (base 13) to base 14
15dc157
What is -1304423014 (base 5) in base 3?
-20000122211001
Convert b1bcc8 (base 15) to base 5.
4130200023
1046031 (base 12) to base 6
150000101
Convert -26882 (base 9) to base 6.
-220202
-10110000001101100000 (base 2) to base 7
-6064154
Convert 1468581 (base 9) to base 3.
1112022122201
Convert -2010322333 (base 4) to base 10.
-544447
43750 (base 14) to base 10
163338
Convert -f337a (base 16) to base 11.
-620523
What is 24232114 (base 5) in base 6?
4511355
Convert -12441302 (base 5) to base 11.
-85662
What is 33311303 (base 5) in base 3?
112210210120
What is 1492c (base 16) in base 9?
137531
1103121000 (base 4) to base 13
bc616
What is 1222223203 (base 4) in base 13?
123b77
100211121222 (base 3) to base 15
3c598
Convert 1121010102010 (base 3) to base 16.
cf3d8
Convert -c6368 (base 14) to base 15.
-96a0b
Convert -12012220121 (base 3) to base 10.
-102724
Convert -42240443 (base 5) to base 2.
-1010110000101101111
What is -5a7fe (base 16) in base 11?
-233558
What is 100001001100011111010101 (base 2) in base 10?
8701909
-b3a69 (base 12) to base 14
-617d7
Convert 70334 (base 10) to base 5.
4222314
What is -125818 (base 11) in base 13?
-6c15b
Convert -3113121012 (base 4) to base 3.
-1122211012210
160607 (base 8) to base 9
87170
Convert -7615d (base 14) to base 13.
-a0036
What is -17001017 (base 8) in base 3?
-21101210122002
-22252041 (base 6) to base 12
-287021
101304330 (base 5) to base 8
1454727
What is 4018290 (base 10) in base 4?
33111001302
What is -86854 (base 14) in base 2?
-1001111011100111010
-a9152 (base 13) to base 8
-1124723
3e01a (base 16) to base 9
426347
What is -224b7b (base 14) in base 13?
-31a79b
What is -103202020022 (base 4) in base 16?
-4e220a
Convert 1053776 (base 12) to base 11.
1825037
Convert 2033241334 (base 5) to base 2.
10000000000100001110101
1103131 (base 4) to base 12
3111
Convert 111322001312 (base 4) to base 12.
1b0b3b2
What is -2010200002102 (base 3) in base 14?
-21795c
What is -6105141 (base 8) in base 2?
-110001000101001100001
Convert -630050 (base 8) to base 15.
-41d91
What is -20e2b (base 15) in base 7?
-613331
Convert -661021 (base 7) to base 2.
-11100001110010110
What is -133322131 (base 6) in base 15?
-380bd4
Convert 101000100000001010 (base 2) to base 6.
3320014
-34134021 (base 5) to base 4
-1021310302
Convert -11342224 (base 6) to base 16.
-56d28
Convert -14016213 (base 8) to base 10.
-3153035
Convert -98721 (base 10) to base 4.
-120012201
40348 (base 15) to base 5
23000433
-85225 (base 12) to base 16
-2aafd
2102223111 (base 4) to base 16
92ad5
110101011001100101000000 (base 2) to base 15
1367a1a
What is -1306552 (base 7) in base 3?
-22122202111
What is 291856 (base 10) in base 7?
2323615
60797 (base 11) to base 2
10101101011011111
What is 59188 (base 10) in base 3?
10000012011
894489 (base 11) to base 9
2613185
Convert -15780 (base 9) to base 13.
-4c23
What is 505365 (base 7) in base 14?
2346c
What is 2715bb5 (base 12) in base 7?
122554565
What is -53516 (base 13) in base 10?
-150260
225180 (base 10) to base 4
312332130
1caeb8 (base 16) to base 7
21656165
What is 2936470 (base 10) in base 5?
1222431340
Convert -8331336 (base 9) to base 3.
-22101001101020
Convert 145cc (base 16) to base 13.
2bc69
Convert 100010111100110001001 (base 2) to base 16.
117989
-1011100100000001011010 (base 2) to base 11
-1790373
What is 11011220022 (base 3) in base 5?
10113204
1111011111100101 (base 2) to base 15
13c0b
-1320303033 (base 4) to base 14
-cc46b
16533236 (base 7) to base 13
44a281
Convert -15075766 (base 8) to base 14.
-657702
-1001110011001011001111 (base 2) to base 14
-4ac299
What is 1420454 (base 8) in base 16?
6212c
Convert 235235 (base 6) to base 12.
bb1b
Convert -22771 (base 8) to base 10.
-9721
220222201002021 (base 3) to base 16
caa3fe
602100 (base 11) to base 10
969089
What is 155000 (base 8) in base 9?
84488
Convert 2559aa0 (base 11) to base 3.
22100022111212
-14066820 (base 9) to base 6
-405010243
222111222112 (base 3) to base 12
21207b
What is -100010000100000011 (base 2) in base 4?
-202010003
-101110001001010100110 (base 2) to base 3
-2211211012210
c4